is the units digit of w?
1
What is the tens digit of (-1668)/(-2919)*3899/2?
1
Suppose -5*s - 19 = -3*p, -3*s - 11 = -3*p - 2*s. Suppose 8*v + 5 = p*v. Let d(z) = -90*z + 6. What is the tens digit of d(v)?
9
Let y(w) = -39*w**3 + 3*w**2 + 7*w - 3. Let o be y(-3). Suppose -3*h + o = u - 2*u, 5*u = -h + 368. What is the tens digit of h?
5
What is the ten thousands digit of (23 + -6 - 5) + 435690/10?
4
What is the tens digit of (-2 + 0)/(-2) - (310 + -10695)?
8
Suppose -14*s - 37*s + 784928 = -13*s. What is the thousands digit of s?
0
Let g = 368 + 44126. What is the thousands digit of g?
4
Suppose 8*z - 88070 = 167085 - 59875. What is the tens digit of z?
1
Let r(b) = -b**2 - 8*b - 5. Let w be r(-1). Suppose 4*o - 1751 = -3*v, -4*o + 650 = w*v - 520. What is the tens digit of v?
8
Suppose 5*w = -4 + 9. Let q be 718/2 - (w - 4). Suppose -q = -7*h - 96. What is the units digit of h?
8
Let i be 2/(-8) + 4923/12. What is the hundreds digit of ((-2)/7 - 18/(-14)) + i?
4
Suppose 34*w = 80 + 22. Suppose -4*l = w*t - 2502 + 505, -3*t = -3*l - 1962. What is the tens digit of t?
5
Suppose 5*c + 30 + 140 = 0. Let g = 7 + c. Let v = g - -50. What is the units digit of v?
3
Let f(k) = 212*k + 1452. What is the tens digit of f(17)?
5
Let d = -6272 + 13312. What is the thousands digit of d?
7
Let b(g) = 15*g**2 + 4*g + 1355. What is the ten thousands digit of b(-45)?
3
Let u(a) = a**2 - 41*a + 2344. What is the tens digit of u(55)?
1
Suppose -53*w + 10437 = -46*w. Suppose 4*d - d - w = 0. What is the tens digit of d?
9
Suppose 2*h - 194 - 58 = 0. Let y be 6/(-4) + h/28. What is the tens digit of (5/4)/(y/84)?
3
Suppose -4772 = -4*n + 13*w - 9*w, 4*w - 4 = 0. Suppose 4*p + 4*y = 1560, 6*p - 3*p = 5*y + n. What is the units digit of p?
3
Suppose -10*y = 60*y - 1201867 - 174263. What is the thousands digit of y?
9
Suppose 3*u = 4*v + 2213, 642 = 2*u - 5*v - 838. Suppose 18*i + u = 8943. What is the tens digit of i?
5
Let r = -4830 - -10830. What is the units digit of r?
0
Suppose 0 = 15*f + 85*f - 730900. What is the hundreds digit of f?
3
Suppose -126*x + 120528 = -108*x. What is the units digit of x?
6
Suppose 0*i - 1581 = -o + 3*i, -3*i = -5*o + 7893. Let m = -871 + o. What is the tens digit of m?
0
Let j = -525 - -16178. What is the hundreds digit of j?
6
Suppose -1 = -d - 4*i - 7, 3*d + 93 = 3*i. Let z = 24 + d. What is the tens digit of (-2 + 1)/(z/68)?
3
Let p = -649 - -651. What is the hundreds digit of 11577/(-68)*(-6 + p)?
6
Let a be (-6)/(-33) + 912/(-176). Let d(q) = 2*q + 63. What is the units digit of d(a)?
3
What is the thousands digit of (-1289833)/(-237) - (-3 + 20/6)?
5
Let p be (3/(45/(-6)))/(17/2465). Let a(g) = -26*g**3 - g**2. Let b be a(-2). Let l = p + b. What is the hundreds digit of l?
1
Let s be 32/(-72) + 310/90. Suppose 2*c + 1320 = s*c. What is the hundreds digit of c?
3
Suppose 0 = 20*m - 19*m + 181. Let n = 557 - m. Suppose 0*k - n = -18*k. What is the tens digit of k?
4
Let j(u) = 345*u - 154. What is the tens digit of j(11)?
4
Let f = 1033 - 1006. What is the hundreds digit of 309*9/f*2?
2
Let u(g) = 10*g + 347. Let a be u(49). Suppose -j - 10*z + a = -7*z, -4*j + 4*z = -3364. What is the hundreds digit of j?
8
Let b = -35151 - -55644. What is the tens digit of b?
9
Let s(f) = f**2 - 9*f + 9. Let i be s(8). Let k be (1/i)/((-9)/(-45)). Suppose w + 1 = 2*w, -k*t + 439 = 4*w. What is the units digit of t?
7
What is the units digit of (4 + -9 - 0) + 28195?
0
Suppose -794*h + 789*h + 32760 = 0. Suppose -h = -8*c - 1464. What is the tens digit of c?
3
Suppose 0 = 4*x + q - 4, 9 = -2*q + 1. Suppose x*s + 3*a = -473 + 1263, -2*s + 786 = a. What is the tens digit of s?
9
Let l be 12/(-10)*(-35*34 - 0). Suppose -5*z + l = 2*r, -3*z = -3*r - 4*z + 2142. What is the hundreds digit of r?
7
Suppose 4*f - 44 = -4*o, 2*o + 3*o = 4*f + 1. Suppose 2*c = f*c - 8. What is the units digit of 4*9/12 + c?
5
Suppose 4*c = -3*x + 8, 2*c - 7 = -5*x - 3. Let s(r) = -r + 12. Let p be s(x). Let z = 67 + p. What is the units digit of z?
9
Suppose -3*l + 36653 = 8*a, l - 6385 = 5*a + 5894. What is the units digit of l?
9
Let r(i) = 2088*i - 2218. What is the thousands digit of r(19)?
7
Suppose 0 = -f - 2*o + 9 + 29, 2*f - 5*o - 103 = 0. Let x be (-616)/(-16)*11/(11/(-2))*-2. Let d = x - f. What is the units digit of d?
0
Let g = 241 + -229. What is the hundreds digit of -6 - 9642/(-15) - g/(-10)?
6
Let z(f) = -1 - 3 - 4 + 6*f. Let w be z(-3). Let m = w - -62. What is the tens digit of m?
3
Let p be 32/24*7575/(-10). Let i = -396 - p. What is the units digit of i?
4
Suppose -30011 = -2*g - 2*w - 1967, 2*g + w = 28038. What is the thousands digit of g?
4
Suppose 11*h + 10 = 4*z + 6*h, 2 = 2*z - h. Let j(x) = -5*x + 242. What is the units digit of j(z)?
2
Suppose 4*x = -8*q + 3*q + 2318, 2321 = 5*q + 3*x. Let f = q + 34. What is the units digit of f?
0
Let q(r) = -r**3 + 13*r**2 + 16*r - 10. Let w be q(14). Suppose 5*n - 4*u = 4*n + 9, -n = 5*u + w. What is the tens digit of 4 - -123 - (-2 + 3/n)?
3
Let a(m) = 4*m**3 + m**2 - m. Let k be a(1). Suppose k*d = 3*l - 17642, -27982 + 10328 = -3*l + d. What is the hundreds digit of l/45 + (-2)/(-10)?
1
Let h = 6461 - -5279. What is the thousands digit of h?
1
Suppose -g = 69 - 75. What is the units digit of (-4 - g) + 5 - -41?
6
Suppose -t = 1092 - 1648. Let h = t - -168. What is the hundreds digit of h?
7
Let m(z) = -2*z**2 + 79*z + 4. Let u = 492 - 478. What is the units digit of m(u)?
8
Suppose -2 = -2*l - 4*s - 0, 3*s = 4*l - 4. Let n(f) = f. Let t(z) = -39*z + 24. Let i(a) = l*t(a) + 18*n(a). What is the hundreds digit of i(-6)?
1
Let s(u) = 208*u**2 - 1079*u - 36. What is the hundreds digit of s(15)?
5
Let j = 41 + -31. Let h = j + -2. What is the units digit of h?
8
Suppose -30*c = -25*c - 13405. Suppose s + 0*s = -4*z + 3567, 5*s + c = 3*z. What is the tens digit of z?
9
Let j = 24938 - 14194. What is the hundreds digit of (j/(-17))/((-2)/2)?
6
Let f = 69609 + -46594. What is the tens digit of f?
1
Let n(p) = 5*p**2 + 18*p - 81. Let a = -305 + 312. What is the units digit of n(a)?
0
Let r be (-21)/(-9) - (-2)/(-6). Suppose r*q - 320 = 462. What is the tens digit of q?
9
Suppose 6*u + 2*u = 49250 + 23678. What is the units digit of u?
6
Let v(m) = 18*m**3 + 6*m**2 + 7*m + 3. Let p be v(5). Suppose -11*l + p = -2721. What is the tens digit of l?
6
What is the ten thousands digit of ((-53)/7 - 282/658) + 39330?
3
What is the tens digit of ((-115628)/(-7) - (-332)/(-1162)) + 12?
3
Suppose 104 = 7*t - 155. Suppose -t = -b + 3*f, 4 = -5*b + f + 119. What is the tens digit of b?
2
Let n(p) = 435*p - 1620. What is the thousands digit of n(54)?
1
Suppose 7*n - 3*n = 24. Let k = -1412 + 2042. Suppose 0 = z - 5, i - n*i + k = z. What is the hundreds digit of i?
1
Let k(w) be the second derivative of 1/20*w**5 - 12*w - 4/3*w**3 + 7/12*w**4 + 2*w**2 + 0. What is the units digit of k(-7)?
0
Let u be (-45 - -45)/(2 + -3). Suppose 5*b + 2*g = 2983, u = -3*b + 3*g - 6*g + 1788. What is the hundreds digit of b?
5
Let c = 1257 - 743. Suppose 3*n - 506 - c = 0. What is the units digit of n?
0
Suppose 0 = 143*n - 137*n - 3138. Let m = -107 + n. What is the tens digit of m?
1
Let i(u) = -u**2 + 2*u + 51. Let s be i(0). Let y be 5/(-20)*2*0. Suppose y = -3*m - s + 258. What is the units digit of m?
9
Let b(c) = c**2. Let f(t) = -2*t**2 - t. Let z(m) = 14*b(m) + 4*f(m). Let r be z(-2). Suppose v = r + 1. What is the tens digit of v?
3
Let n(k) = k**2 - k. Let t(r) = -9*r**2 + 9*r + 8. Let m(a) = -6*n(a) - t(a). Suppose 23*f - f = -132. What is the tens digit of m(f)?
1
Let c = 1709 - -15216. What is the hundreds digit of c?
9
Let t = 718 + -860. Let i = 65 - t. What is the hundreds digit of i?
2
Let c = 2624 + -206. What is the thousands digit of c?
2
Let k(o) = -230*o - 8. Let r be k(-1). Suppose r = -9*n - 2019. Let b = n - -444. What is the hundreds digit of b?
1
Suppose -2*i - 11*u + 15*u = -28, -2*u = 4*i - 76. Let w be (-2)/(-4) + 33/(-2). Let g = w + i. What is the units digit of g?
2
Let p(f) = 195*f**2 - 6*f - 12. Let k(w) = 97*w**2 - 3*w - 6. Let v(z) = 5*k(z) - 2*p(z). What is the hundreds digit of v(-2)?
3
Let s(r) = -6*r**3 + 4*r**2 - 4*r + 18. Let a be s(-8). Let u = -2393 + a. What is the units digit of u?
5
Let y